(s). What are the prime factors of p(7)?
461
Let d(o) = 904*o**2 + 7*o - 41. List the prime factors of d(-5).
2, 3, 1877
Let v be 60/(-18)*3/(-2). Suppose 0 = -0*n - n - v*w + 2, -3 = 3*w. Suppose -2*u - n*u = -936. List the prime factors of u.
2, 13
Suppose -5*z + m = -24376, -37*z + 35*z - 3*m + 9730 = 0. What are the prime factors of z?
2, 2437
Suppose 5*s + 2*f - 4 = 0, 5*s - 2 = 7*s - f. Suppose s = -29*l + 12*l + 24072. List the prime factors of l.
2, 3, 59
Suppose 0 = 5*z - 25, 4*s - 4*z + 47732 = 8*s. What are the prime factors of s?
2, 3, 7, 71
What are the prime factors of 89411*160/224*3/5?
3, 53, 241
Suppose t = -4*b + 404, 0*b + 2*t = -3*b + 298. Let y = -568 - -809. Let i = y - b. What are the prime factors of i?
139
Let s(c) = 2*c - 9 - 4*c - 9*c**3 + 8*c**3 + 13*c**2 + 0*c. Let q be s(6). Let h = q - 123. What are the prime factors of h?
2, 3
Suppose 0 = 15*n - 3*n - 384. Let k = -285 + n. Let h = -173 - k. What are the prime factors of h?
2, 5
What are the prime factors of (6084/312)/((-6)/(-1588))?
13, 397
Let x(f) = -9289*f - 232. List the prime factors of x(-3).
5, 5527
Let a(r) = -r**3 + 20*r**2 + 9*r - 46. Let k be a(22). Let c = k - -1182. List the prime factors of c.
2, 3, 61
Let t = -237 + 135. Let s = 22 - 25. List the prime factors of 22*(t/3)/(-1 + s).
11, 17
Suppose -125*l + 130*l = 5. Let w(s) = 156*s - 8. List the prime factors of w(l).
2, 37
Let r(u) = -276*u + 76. Let b be r(-9). Suppose -4*c + 5*l = -6*c + 1024, 5*c = l + b. What are the prime factors of c?
2
Let s(l) = 21*l + 7 - 18*l - 2*l**3 + 4*l**2 + l**3. Let m be s(5). What are the prime factors of (m - (-33)/(-4))/(2/(-8))?
3, 5
Suppose 0 = -5*b - 15, 26647 = 4*s + 2*b - 16767. List the prime factors of s.
5, 13, 167
Suppose 2*k + 2*c = c + 2, -4*c - 16 = 0. Suppose -k*y = -2*w + 84 - 605, y - 1335 = 5*w. Let n = -101 - w. What are the prime factors of n?
167
Let z = 13741 + 2453. What are the prime factors of z?
2, 3, 2699
Suppose -18*j + 47918 - 26779 = -63587. What are the prime factors of j?
3, 523
Suppose -38*l = -34*l + 16. What are the prime factors of (-1)/(l/1580) - 3?
2, 7
Suppose d - 65 = -4*d. Let f(x) = -957 - 973 + 8*x - x**2 + 10*x + 1909. What are the prime factors of f(d)?
2, 11
Suppose -4*z = -p + 30, -6*p = -5*z - 4*p - 36. Let d(l) = 8*l + 21. Let x(m) = -m + 1. Let h(q) = -d(q) + 4*x(q). List the prime factors of h(z).
79
What are the prime factors of (-3598 - -10)*9/(-12)?
3, 13, 23
Let x(c) = 16*c**3 + 9*c**2 + 50*c - 339. List the prime factors of x(8).
3, 109
Let m = -79711 - -132088. What are the prime factors of m?
3, 13, 17, 79
Suppose -4*f - 84724 = -2*k, -4*k + 1579*f - 1576*f + 169478 = 0. List the prime factors of k.
2, 21187
Let x(c) = 2*c**2 - 4. Let p be x(-2). Suppose -3*u - 126 = p*u. What are the prime factors of 24/(-5)*2*30/u?
2
Suppose -16 = -4*h, -3*i + 2*h - 3*h + 30415 = 0. Suppose -3161 = 8*m - i. What are the prime factors of m?
2, 109
Let i(v) = 119*v**2 - 10 + 108*v**2 - 345*v**2 + v**3 + 112*v**2 + 6*v. Let b = -13 - -20. What are the prime factors of i(b)?
3
Suppose t + 29 = -4*w, -5*t - 3*w = -8*w + 220. Let q = 45 + t. List the prime factors of q/(-20) - (231/(-5) + 0).
2, 23
Suppose 0 = -148*a - 185996 + 2016460. List the prime factors of a.
2, 773
Suppose 2*g + 4*w = 1020 - 62, 5*w - 1434 = -3*g. Suppose 2*b - 5*m = 322, 3*b - 5*m = -0*b + g. Suppose -b - 289 = -5*j. List the prime factors of j.
2, 11
Let g = -11245 + 30697. What are the prime factors of g?
2, 3, 1621
Let p = 4 + 4. Suppose 0 = 2*t - 2 - p. Let x(a) = a**3 - 4*a**2 - 1. What are the prime factors of x(t)?
2, 3
Let a(b) = 74*b**2 - 1. Let u(k) = 4*k + 15. Let v(y) = y. Let n(p) = -u(p) - 4*v(p). Let d be n(-2). What are the prime factors of a(d)?
73
Let m(y) = 4*y**2 + 3*y**2 - 7*y**2 - 6*y + y**2. Let t be m(6). Suppose t = 4*l - l - 111. List the prime factors of l.
37
Suppose -497040 = -513*a + 497*a. List the prime factors of a.
3, 5, 19, 109
Let c(n) = 19*n**2 + 249*n + 756. List the prime factors of c(-3).
2, 3, 5
Let s(b) be the first derivative of 32 - 1/2*b**2 + 0*b + 53/2*b**4 + 2/3*b**3. What are the prime factors of s(1)?
107
Let f be (-4)/(-10) - (8 - 4949/(-35)). Let a = f + 249. List the prime factors of a.
2, 5
Let o(a) = 3*a**2 + 10*a - 5. Let u be o(-4). Suppose 0 = 3*q + u + 9, 4*s + 2*q - 576 = 0. What are the prime factors of s?
2, 73
Let g = -42 + 29. Let c = g - -16. Suppose -2*t + c*t = 4*i + 38, -2*i - 144 = -3*t. List the prime factors of t.
2, 5
Let p be (-2)/(-2) + (-7 - 1). Let h be ((-110)/(-77))/((-1)/p). Suppose 4*q = 0, -3*i + q + 35 = -h. List the prime factors of i.
3, 5
Let j(t) = -50*t**2 - 8*t + 20. Let b be j(3). Let w = -144 - b. List the prime factors of w.
2, 5, 31
Suppose 2*i = -1 - 1, -3*b + 5*i = -23. Suppose -b - 24 = -5*k. Suppose -k = t - 99. What are the prime factors of t?
3, 31
Let z = -89 + 91. Let g(p) be the second derivative of 6*p**5/5 - p**4/4 + p**3/6 - p**2 - 2*p - 8. List the prime factors of g(z).
2, 3, 5
Suppose 2*n - 4 = -5*b, -4*n + n = 4*b - 6. Suppose b = -4*r - 294 + 1650. What are the prime factors of r?
3, 113
Suppose -3242 = -27*d + 40147. What are the prime factors of d?
1607
Let r = -1410 - -10779. Suppose -636 = -15*z + r. List the prime factors of z.
23, 29
Suppose 2*g - 25 - 1 = 3*s, 0 = 4*g + 4*s - 12. List the prime factors of (3 - 8) + 5808/(g - 3).
1447
Suppose -t - 3*t = -112. Let i = t - 36. Let m = 82 - i. What are the prime factors of m?
2, 3, 5
Let q = -2274 + 10399. What are the prime factors of q?
5, 13
Let u(b) = 5*b + 27*b + 14 + 29*b - 13*b. Let n be u(-3). Let i = n + 228. List the prime factors of i.
2, 7
Let f(v) = 13*v + 36. Suppose 0 = 4*z + 2 + 14, h - 14 = z. Suppose -4*p + 18 = -h. List the prime factors of f(p).
127
Let g = 594 - -1496. Suppose -3*n = -4*n + 2, 2*c + 2*n - g = 0. List the prime factors of c.
7, 149
Suppose 75*k = -41*k + 80620. What are the prime factors of k?
5, 139
Let k(j) = 2259*j**3 - 4*j**2 - 17*j + 44. What are the prime factors of k(2)?
2, 3, 3011
Suppose 3*a + 5*s - 14276 - 10125 = 0, 8107 = a - 5*s. What are the prime factors of a?
3, 7, 43
Suppose -1112 + 382 = 5*a. Let o be -8 + 13 - (a - 1). Suppose o - 2 = 5*b. What are the prime factors of b?
2, 3, 5
Let y(l) be the first derivative of 7*l**3/3 - l**2 + 3*l + 47. List the prime factors of y(-3).
2, 3
Suppose -94 + 13 = 3*p. What are the prime factors of 3 + ((-2)/6 - 8028/p)?
2, 3, 5
Suppose -2158 + 9799 = i. What are the prime factors of i?
3, 283
Let c(w) = 2500*w - 575. What are the prime factors of c(8)?
3, 5, 7, 37
Suppose -5*g + 25 + 25 = 0. List the prime factors of 6*(-124)/(-60)*g.
2, 31
Let c(d) = 28*d - 49. Let i be c(2). Suppose -i*r + 12*r = 3610. What are the prime factors of r?
2, 19
Suppose -4*f - 2*b - 104 = 0, 5*f + 96 = f - 4*b. Let m(w) = -2*w**2 - 63*w + 12. List the prime factors of m(f).
2, 13
Let h = 59 - 174. Suppose 6*w + 832 = 10*w. Let m = h + w. List the prime factors of m.
3, 31
Let n be 12/(-24) - 995/(-2). Suppose 9*s + n = 16*s. Let o = s + -66. List the prime factors of o.
5
Suppose 1959*m - 787995 = 1920*m. List the prime factors of m.
3, 5, 449
Let u(g) = g**2 - 2*g + 54. Suppose 0 = 2*z + 8, -2*y - 2*z = 7 + 1. What are the prime factors of u(y)?
2, 3
Suppose -5*y = -j + 18413 - 1206, 4*j - 68828 = -2*y. What are the prime factors of j?
17207
Let t(f) = -f**3 - 9*f**2 + 9. Let d be t(-9). Suppose 4*y - 2*r = 82, -11 + 31 = y - r. Suppose -6*i + y = -d. List the prime factors of i.
5
Let q be 1/3 + (-26)/(-3). Let l = 9 - q. Suppose -s + 4*s + 3*a - 306 = l, 2*a = -4*s + 408. What are the prime factors of s?
2, 3, 17
Suppose -73*v + 2883208 = -63934 - 955146. What are the prime factors of v?
2, 13, 257
Let x(b) = 136*b + 1364. What are the prime factors of x(4)?
2, 3, 53
Let o = 8172 + -6613. List the prime factors of o.
1559
Let n = 53 - 53. Suppose r + 101 - 220 = n. List the prime factors of r.
7, 17
Let l(u) = 50*u**3 + u**2 - u + 1. Suppose -6 = -q - 14. Let h(a) = -3*a - 23. Let x be h(q). What are the prime factors of l(x)?
3, 17
Let a be (356 + (3 - (9 + -3)))*1. Suppose 0 = a*i - 347*i - 6030. What are the prime factors of i?
3, 5, 67
Let k(b) = -5*b**3 + 172*b**2 + 23*b + 24. List the prime factors of k(33